{"id":1886,"date":"2020-12-21T15:09:36","date_gmt":"2020-12-21T14:09:36","guid":{"rendered":"http:\/\/burgl-block.de\/galerie\/?page_id=1886"},"modified":"2024-06-13T21:52:30","modified_gmt":"2024-06-13T19:52:30","slug":"vita","status":"publish","type":"page","link":"https:\/\/burgl-block.de\/galerie\/vita\/","title":{"rendered":"Vita"},"content":{"rendered":"\n<h2 class=\"wp-block-heading\">Vita<\/h2>\n\n\n\n<p>Burgl&nbsp;Block, geb. Waneck<\/p>\n\n\n\n<p>1948 in Garmisch geboren, seit 1975 im W\u00fcrmtal lebend, seit 1983 in Planegg<\/p>\n\n\n\n<p>Sportlehrerin, ehemalige Leistungssportlerin (mehrfache Deutsche Meisterin im H\u00fcrdenlauf und F\u00fcnfkampf)<\/p>\n\n\n\n<p>Als Malerin Autodidakt<\/p>\n\n\n\n<p>Seit 1992 Einzel- und Gruppenausstellungen im Raum M\u00fcnchen und Oberbayern<\/p>\n\n\n\n<p>Seit 2007 Leitung der privaten Malgruppe \u201edie GR\u00c4ativs\u201c in Gr\u00e4felfing <br><\/p>\n","protected":false},"excerpt":{"rendered":"Vita Burgl&nbsp;Block, geb. Waneck 1948 in Garmisch geboren, seit 1975 im W\u00fcrmtal lebend, seit 1983 in Planegg Sportlehrerin, ehemalige Leistungssportlerin (mehrfache Deutsche Meisterin im H\u00fcrdenlauf und F\u00fcnfkampf) Als Malerin Autodidakt Seit 1992 Einzel- und Gruppenausstellungen im Raum M\u00fcnchen und Oberbayern Seit 2007 Leitung der privaten Malgruppe \u201edie GR\u00c4ativs\u201c in Gr\u00e4felfing","protected":false},"author":1,"featured_media":0,"parent":0,"menu_order":0,"comment_status":"closed","ping_status":"closed","template":"","meta":{"footnotes":""},"class_list":["post-1886","page","type-page","status-publish","hentry"],"_links":{"self":[{"href":"https:\/\/burgl-block.de\/galerie\/wp-json\/wp\/v2\/pages\/1886","targetHints":{"allow":["GET"]}}],"collection":[{"href":"https:\/\/burgl-block.de\/galerie\/wp-json\/wp\/v2\/pages"}],"about":[{"href":"https:\/\/burgl-block.de\/galerie\/wp-json\/wp\/v2\/types\/page"}],"author":[{"embeddable":true,"href":"https:\/\/burgl-block.de\/galerie\/wp-json\/wp\/v2\/users\/1"}],"replies":[{"embeddable":true,"href":"https:\/\/burgl-block.de\/galerie\/wp-json\/wp\/v2\/comments?post=1886"}],"version-history":[{"count":5,"href":"https:\/\/burgl-block.de\/galerie\/wp-json\/wp\/v2\/pages\/1886\/revisions"}],"predecessor-version":[{"id":2264,"href":"https:\/\/burgl-block.de\/galerie\/wp-json\/wp\/v2\/pages\/1886\/revisions\/2264"}],"wp:attachment":[{"href":"https:\/\/burgl-block.de\/galerie\/wp-json\/wp\/v2\/media?parent=1886"}],"curies":[{"name":"wp","href":"https:\/\/api.w.org\/{rel}","templated":true}]}}

<h2 class="wp-block-heading">Vita</h2>



<p>Burgl&nbsp;Block, geb. Waneck</p>



<p>1948 in Garmisch geboren, seit 1975 im Würmtal lebend, seit 1983 in Planegg</p>



<p>Sportlehrerin, ehemalige Leistungssportlerin (mehrfache Deutsche Meisterin im Hürdenlauf und Fünfkampf)</p>



<p>Als Malerin Autodidakt</p>



<p>Seit 1992 Einzel- und Gruppenausstellungen im Raum München und Oberbayern</p>



<p>Seit 2007 Leitung der privaten Malgruppe „die GRÄativs“ in Gräfelfing <br></p>

Vita Burgl&nbsp;Block, geb. Waneck 1948 in Garmisch geboren, seit 1975 im Würmtal lebend, seit 1983 in Planegg Sportlehrerin, ehemalige Leistungssportlerin (mehrfache Deutsche Meisterin im Hürdenlauf und Fünfkampf) Als Malerin Autodidakt Seit 1992 Einzel- und Gruppenausstellungen im Raum München und Oberbayern Seit 2007 Leitung der privaten Malgruppe „die GRÄativs“ in Gräfelfing
